 301. What is the greatest common factor of h and r?
11
Let c be 1068/14 - (-2)/(-7). Calculate the greatest common factor of c and 19.
19
Let n(u) = -10*u. Let w be n(-4). Calculate the greatest common factor of 5 and w.
5
Let p be (372/6 - -2) + 1*4. What is the greatest common divisor of 51 and p?
17
Let w = 8 - -3. Let m(b) = b**2 + 0*b**2 + 5 + 0*b**2 - 3*b. Let j be m(-4). Calculate the highest common factor of j and w.
11
Suppose -5*u + 51 = 1. Calculate the highest common divisor of u and 5.
5
Suppose -2*t = 3*x - 11, 5*t + 38 = 10*t + 4*x. What is the greatest common factor of t and 20?
10
Suppose 5*b + 5*v = 30, -4*b = -2*b - v. Suppose -2*i + 24 = b*i. Let y = -12 - -16. What is the greatest common divisor of y and i?
2
Let t be 0 + (-3 - 1 - -26). Calculate the greatest common divisor of 176 and t.
22
Let f be 3/(-18)*-21*12. Let g = 31 + -16. Let c = -9 + g. What is the highest common factor of c and f?
6
Suppose 4*o - 13 = 2*z - 57, 2*o = 3*z - 46. Let i(t) = 8*t**2 - 3*t - 3. Let s be i(3). What is the highest common factor of z and s?
12
Let b = -19 + 27. What is the greatest common factor of b and 56?
8
Let t be 8/(-60) + (-62)/(-15). Calculate the greatest common divisor of 28 and t.
4
Suppose 2*m = 5*g, g = 3*g - 3*m. Suppose -x + 26 = j + 4*x, 5*x - 10 = g. Calculate the highest common factor of 4 and j.
4
Let g(b) = -3*b + 1. Let l(m) = -16*m + 4. Let i(z) = -11*g(z) + 2*l(z). Suppose w = 7 - 1. Let r be i(w). Calculate the highest common divisor of 21 and r.
3
Suppose 0 = -4*g + 2*z + 22, -3*z = -5*g + 2*z + 30. Calculate the greatest common factor of 1 and g.
1
Let p(s) = s**3 - 7*s**2 - 8*s + 8. Let q be p(8). Let v = q - -2. Suppose -3*h - 46 + 196 = 0. What is the highest common factor of v and h?
10
Let g(l) = 5*l - 20. Let p be g(5). Let x(c) = c**3 + 5*c**2 - 8*c - 7. Let u be x(-6). What is the highest common divisor of u and p?
5
Suppose 0 = n - 3*n + 8, 3*p + n - 25 = 0. Let q = p - 5. Suppose z + 237 = 4*f, f + 174 = 4*f - q*z. Calculate the greatest common divisor of f and 12.
12
Suppose 44 = 2*j - 0*j. Let v = 26 + j. Let b(t) = 31*t**2 + 2*t - 1. Let w be b(1). Calculate the greatest common divisor of v and w.
16
Let w be (-11*2 + (6 - 6))/(-2). Calculate the greatest common factor of 33 and w.
11
Let b be 0 + 60 + 6/(-2). What is the highest common divisor of 38 and b?
19
Let g(o) = -o**3 + 3*o**2 + 5*o + 3. Let s be g(4). Suppose 37 = 3*y - 47. Calculate the highest common factor of s and y.
7
Let u = 32 - 20. What is the greatest common factor of 3 and u?
3
Suppose 10 - 30 = -5*k. Suppose -4*u = v - 37, -2*u + 2*v = -0*v - 6. What is the greatest common divisor of k and u?
4
Suppose -44 = -4*z - y, 0 = -5*z + 2*z + 3*y + 48. Let x be ((-16)/(-3))/((-6)/(-27)). What is the highest common divisor of z and x?
12
Suppose -2*x - 2*f - 18 = f, f = -2*x - 10. Let s be (4 - 22)/(2 + x). What is the greatest common divisor of 27 and s?
9
Let f(n) = -n - 7. Let b be f(-8). Let k be (6 + 26)*(b - 0). Calculate the greatest common factor of 48 and k.
16
Let l = 99 + -84. What is the highest common factor of l and 60?
15
Suppose -2*k + 256 = -0*k. Calculate the greatest common divisor of 32 and k.
32
Let k = 73 - 39. Suppose 0 = -3*g + k - 1. Suppose 0 = 4*x - 5 - g. What is the greatest common divisor of 2 and x?
2
Let p(r) = -r**2 + 7*r + 5. Let d be p(5). What is the greatest common divisor of d and 5?
5
Suppose 2*u - 3 = 5*s, 5*s = 3*u - 2*u + 1. Let j = -1 + u. Suppose j*t = -t + 24. What is the greatest common factor of t and 6?
6
Let q be -4*4/(-40)*75. Calculate the greatest common factor of 45 and q.
15
Suppose 0*b - 3*b = -m - 26, -2*b - 2*m = -28. Calculate the greatest common factor of b and 15.
5
Let q(c) be the third derivative of c**5/15 + 3*c**4/8 - 3*c**2. Let p be q(-6). Calculate the highest common divisor of 10 and p.
10
Let l(b) = -b**2 - 10*b - 6. Let k be l(-4). Let t = 22 - 15. Let x = t + 5. What is the highest common factor of k and x?
6
Suppose 3*g = 3*q + 2*q - 79, -5*q - g + 67 = 0. Let u = q + 2. Calculate the greatest common divisor of u and 2.
2
Let o be 1/(-4) - 205/(-4). Suppose 0 = 5*s - 4*g - 80 - 47, -31 = -s - 2*g. Let r = o - s. Calculate the highest common divisor of r and 60.
12
Let j(t) = -9*t - 14. Let y be j(-3). Calculate the greatest common divisor of y and 52.
13
Let w(a) = -a**2 - 22*a + 2. Let n be w(-22). What is the greatest common divisor of 14 and n?
2
Let j be -3 - (-2)/((-6)/(-51)). Let d be 7/j + 3/2. What is the greatest common divisor of d and 2?
2
Let k be ((-2)/6*0)/(-2). Suppose 132 = -k*y + 3*y. Let h = 3 + 1. What is the greatest common factor of h and y?
4
Let j be ((-5)/(-2))/(5/4). Calculate the greatest common factor of 22 and j.
2
Let s be (3/4)/(3/576). What is the highest common factor of 18 and s?
18
Suppose n + 4*n + 5*b + 5 = 0, n - 2*b - 2 = 0. Let o be 3 - (-1 + n) - 0. Calculate the greatest common factor of 8 and o.
4
Let t(a) = a**2 - a - 1. Let c be t(4). What is the highest common factor of c and 99?
11
Let f(j) = -j + 10. Let z be f(3). What is the greatest common divisor of z and 7?
7
Let b = 0 - -12. What is the greatest common divisor of 3 and b?
3
Let h = -116 - -153. What is the highest common divisor of 481 and h?
37
Let l(g) = g**3 + g**2 + 1. Let x be l(0). Let c be 7/x + 2 + -1. Let t be 221/4 - 3/(-4). Calculate the highest common factor of c and t.
8
Suppose -i + 4*i - 36 = 0. Let g be (-9*1/4)/(42/(-1792)). What is the greatest common factor of g and i?
12
Let n = 40 - 24. Calculate the highest common factor of n and 4.
4
Suppose 4*a = 6 + 14. Let r = 7 + a. Calculate the greatest common divisor of r and 84.
12
Let k(q) = -q + 40. Let u = 2 - 4. Let j be (0 - u) + (-2)/1. Let s be k(j). What is the highest common factor of 5 and s?
5
Suppose 0 = -5*c + 3*c + 140. Suppose 0 = 4*p - 2*d + 42, 0 = -3*p - 2*p + d - 48. Let y = p + 23. What is the greatest common factor of c and y?
14
Let y(h) = 26*h + 2. Let o be y(3). What is the highest common factor of o and 32?
16
Suppose 0 = 2*o - 0*d + 2*d - 16, 2*o - 16 = -d. What is the highest common factor of o and 12?
4
Let r(u) = 2*u**2 + 7*u + 13. Let t(m) = -m**3 - 4*m**2 + m - 5. Let x be t(-4). Let v be r(x). What is the greatest common divisor of 16 and v?
16
Suppose 15 = 5*a - 50. Calculate the greatest common factor of 91 and a.
13
Let n be 4/6 - 4/(-3). Suppose 0 = 3*m - 5*q - 57, n*m = -3*q + q + 22. Suppose -64 = -z + 48. Calculate the greatest common divisor of m and z.
14
Suppose 3*f = -f + 68. Calculate the highest common factor of f and 119.
17
Suppose -2*h = -2*w - 48, -3*h + w = -0*h - 70. What is the greatest common divisor of h and 69?
23
Let h be -5 - ((-3 - -4) + -2). Let a be 2/4 + (-30)/h. Calculate the highest common factor of a and 72.
8
Let g(k) = -k**3 - 8*k**2 - k + 5. Let c be g(-8). Calculate the highest common factor of c and 91.
13
Let g(r) = -r**3 - r**2 - 4*r + 15. Let c be g(0). What is the greatest common factor of c and 10?
5
Let x(y) = -4*y + 37. Let o be x(6). What is the highest common factor of 52 and o?
13
Let n(x) = -7*x - 20. Let u(i) = -i**2 + 6*i - 8. Let w be u(6). Let j be n(w). Calculate the greatest common divisor of j and 90.
18
Suppose -2*r = -5*f + 5, -1 = 2*f - 3*f. Let p = 60 - 43. Suppose -w = r, 5*t - 43 - p = 5*w. What is the greatest common factor of t and 3?
3
Let v be -2*3/(-12)*12. What is the highest common factor of v and 66?
6
Suppose 18*l = 22*l + 12. Suppose 5*a + 7 = -5*w + 2, -5*w - 9 = a. Let y be 9/w*32/l. Calculate the highest common divisor of 12 and y.
12
Let x be 42/8 - 4/16. Let z be (-12)/18 - 26/(-3). Suppose -x*f - 12 = -z*f. Calculate the greatest common factor of f and 44.
4
Suppose 0 = 5*t - 2 - 38. Calculate the greatest common factor of 24 and t.
8
Let i(p) = p**2 + 3*p**2 + 5 - 4*p**2 + 2*p + p**2. Let w be i(-7). Suppose -x - w = -6*x. What is the greatest common factor of x and 16?
8
Suppose -c + 5*c + 117 = 5*g, g = -5*c + 35. Calculate the greatest common factor of g and 10.
5
Let c = -382 - -745. Calculate the greatest common factor of c and 33.
33
Let l(t) = -5*t + 1. Let p be l(-2). Let o be 42 + -1 + -1 + 4. What is the highest common divisor of o and p?
11
Let d(i) = -i + 5. Let z be d(0).